False
Is 215 a factor of 30822660?
False
Is 1346 a factor of 541799950?
False
Is 1208758656 a multiple of 2264?
True
Is 77 a factor of 681826607?
True
Does 45 divide 2711226015?
True
Is 33954479 a multiple of 2969?
False
Is 158820291 a multiple of 8?
False
Does 16 divide 488725552?
True
Is 3865765508 a multiple of 22?
True
Is 152749118 a multiple of 577?
False
Is 2001689550 a multiple of 350?
True
Is 143556385 a multiple of 12?
False
Is 44853250 a multiple of 962?
True
Does 409 divide 387280464?
True
Does 23 divide 11241052?
False
Does 3946 divide 169322860?
True
Does 71 divide 3068620?
True
Does 87 divide 5501706?
True
Is 40 a factor of 259993920?
True
Does 4 divide 19686071?
False
Is 44832970 a multiple of 494?
True
Is 65226355 a multiple of 349?
True
Is 2244537 a multiple of 1593?
True
Is 1065 a factor of 313154020?
False
Is 2 a factor of 9954369?
False
Does 195 divide 130906899?
False
Is 59 a factor of 69078396?
False
Is 19836465 even?
False
Does 6039 divide 751253736?
False
Does 2278 divide 849108554?
True
Is 4813081 a multiple of 67?
False
Is 355492065 a multiple of 2865?
True
Is 68193963 a multiple of 48?
False
Is 11494 a factor of 4219501105?
False
Does 88 divide 255811952?
True
Is 174 a factor of 1525070850?
True
Does 31 divide 109243496?
False
Is 262649073 a multiple of 3?
True
Does 21 divide 10454114?
False
Does 5 divide 321507260?
True
Does 81 divide 2265540192?
True
Is 6 a factor of 340492122?
True
Is 340809924 a multiple of 104?
False
Does 49 divide 116819087?
True
Is 1018 a factor of 346815294?
True
Does 326 divide 29335489?
False
Does 12 divide 199823744?
False
Is 332 a factor of 72140292?
False
Does 454 divide 102362472?
True
Is 1308862842 even?
True
Does 1015 divide 17107825?
True
Is 683 a factor of 615436274?
True
Does 346 divide 2552791976?
False
Does 165 divide 316761555?
True
Is 949440140 a multiple of 220?
True
Is 744691200 a multiple of 160?
True
Is 52564536 a multiple of 524?
True
Is 17554930 a multiple of 23?
False
Is 62003675 a multiple of 185?
True
Is 459 a factor of 104944842?
True
Does 7 divide 979667220?
True
Is 630 a factor of 51336538?
False
Is 411276574 a multiple of 10?
False
Is 308 a factor of 585305952?
True
Does 119 divide 442993734?
False
Is 133 a factor of 52909395?
True
Is 171 a factor of 30484628?
False
Does 2645 divide 711364815?
True
Is 31 a factor of 24669645?
True
Does 3020 divide 51388320?
True
Does 533 divide 163646990?
True
Does 834 divide 143344749?
False
Does 700 divide 26064134?
False
Is 509102776 a multiple of 56?
True
Is 135458978 a multiple of 7?
False
Is 661276656 a multiple of 2549?
False
Is 10913889 a multiple of 203?
True
Is 539249199 a multiple of 4097?
False
Does 29 divide 217169638?
False
Does 773 divide 12815333?
False
Does 300 divide 445381618?
False
Does 12 divide 149507106?
False
Is 19334445 a multiple of 55?
False
Is 89 a factor of 8197588?
False
Does 23 divide 116029176?
False
Is 167443230 a multiple of 15?
True
Is 5280 a factor of 403175520?
True
Is 3809430086 a multiple of 1202?
True
Is 97073131 a multiple of 37?
False
Is 4637 a factor of 1050915769?
True
Is 125 a factor of 248388125?
True
Is 1569 a factor of 1990250442?
False
Does 763 divide 58307760?
False
Is 142566328 a multiple of 10?
False
Is 143570720 a multiple of 16?
True
Does 2 divide 436314965?
False
Is 12 a factor of 108295537?
False
Is 15 a factor of 120151380?
True
Is 4353 a factor of 127512429?
True
Does 12 divide 60155955?
False
Does 476 divide 190848607?
False
Does 2 divide 135382539?
False
Is 313671694 a multiple of 78?
False
Does 477 divide 5993563?
False
Is 3761660 a multiple of 140?
True
Is 3313416 a multiple of 24?
True
Is 55968440 a multiple of 20?
True
Is 65400179 a multiple of 84?
False
Does 158 divide 80543344?
True
Is 189735700 a multiple of 451?
True
Is 12 a factor of 57821718?
False
Is 368489236 a multiple of 4385?
False
Is 3451711592 a multiple of 14?
True
Is 1668242647 a multiple of 24?
False
Does 10 divide 30585200?
True
Does 354 divide 13943352?
True
Is 207436050 a multiple of 206?
False
Is 590 a factor of 2235032852?
False
Is 18 a factor of 81374940?
True
Is 34899224 a multiple of 192?
False
Does 1368 divide 18307944?
True
Is 547634481 a multiple of 51?
True
Is 2802358467 a multiple of 141?
False
Is 111078936 a multiple of 12?
True
Is 87 a factor of 62621766?
False
Is 12897800 a multiple of 20?
True
Does 52 divide 48299888?
True
Is 8607609 a multiple of 7?
False
Is 656 a factor of 65183440?
True
Is 2845786715 a multiple of 14?
False
Is 223646323 a multiple of 2380?
False
Does 421 divide 1537468808?
False
Is 22984037 a multiple of 82?
False
Is 118 a factor of 173757006?
True
Is 542022650 a multiple of 65?
True
Is 59013705 a multiple of 37?
True
Does 183 divide 18548514?
True
Is 7 a factor of 22127833?
True
Does 1841 divide 103081272?
True
Is 65036244 a multiple of 273?
True
Is 69 a factor of 1438459353?
True
Is 5961000 a multiple of 10?
True
Is 1309 a factor of 328129648?
True
Does 10 divide 1727893620?
True
Is 84916747 a multiple of 157?
True
Is 18121732 a multiple of 236?
True
Is 843068988 a multiple of 4?
True
Does 977 divide 515389971?
True
Is 21289068 a multiple of 324?
True
Is 207556 a multiple of 76?
True
Is 42 a factor of 959904750?
True
Is 298 a factor of 833147240?
False
Does 8 divide 491847675?
False
Does 146 divide 4287990?
False
Is 6 a factor of 51666696?
True
Is 249 a factor of 3111504?
True
Is 33946911 a multiple of 199?
False
Is 64272561 a multiple of 2433?
True
Is 11298166 a multiple of 109?
False
Is 14 a factor of 1330902479?
False
Is 2148 a factor of 6345681102?
False
Is 613429846 a multiple of 3035?
False
Is 1818791641 a multiple of 5747?
False
Is 30 a factor of 87116456?
False
Is 4749367 a multiple of 7?
True
Is 21829930 a multiple of 211?
False
Does 56 divide 15749760?
False
Is 38 a factor of 3540384?
True
Does 774 divide 73373203?
False
Is 1118 a factor of 14927657?
False
Does 984 divide 41502168?
True
Is 1225230616 a multiple of 2467?
True
Does 20 divide 636008060?
True
Is 2 a factor of 30126018?
True
Does 4 divide 23964936?
True
Is 1686921203 a multiple of 187?
True
Does 53 divide 4726669?
False
Is 22 a factor of 28550192?
True
Is 7 a factor of 124369259?
True
Is 8281839 a multiple of 3?
True
Is 26293284 a multiple of 1966?
True
Does 673 divide 196143348?
False
Does 885 divide 148908178?
False
Is 5367 a factor of 3884194506?
True
Does 24 divide 73584360?
True
Does 844 divide 19896456?
True
Is 236 a factor of 16482970?
False
Is 21 a factor of 319958636?
False
Is 10 a factor of 415003690?
True
Is 214999749 a multiple of 41?
False
Is 317 a factor of 1939211027?
False
Is 240 a factor of 2004755258?
False
Is 51 a factor of 22309579?
False
Is 167651200 a multiple of 144?
False
Does 21 divide 285335893?
False
Does 587 divide 575631?
False
Does 1169 divide 39135370?
False
Does 93 divide 19668873?
False
Is 438476136 a multiple of 762?
True
Is 336487398 a multiple of 863?
False
Is 337865439 a multiple of 52?
False
Does 186 divide 131000172?
True
Does 309 divide 65061073?
False
Is 302 a factor of 44221042?
False
Is 5444790956 a multiple of 22?
True
Is 105 a factor of 307010340?
True
Does 59 divide 25504236?
False
Is 57 a factor of 14521491?
True
Is 67639850 a multiple of 148?
False
Is 5 a factor of 16928953?
False
Is 1228992995 a multiple of 484?
False
Does 50 divide 17148299?
False
Is 11136814 a multiple of 3?
False
Does 875 divide 451925231?
False
Is 18137 a factor of 1361635275?
True
Does 24 divide 308521203?
False
Does 474 divide 1858007952?
True
Does 38 divide 42512455?
False
Is 69 a factor of 228379364?
False
Does 36 divide 35869644?
True
Is 194 a factor of 22944666?
False
Is 67272228 a multiple of 4?
True
Is 123 a factor of 81085044?
True
Is 845 a factor of 311823590?
True
Does 58 divide 1109258800?
False
Is 452 a factor of 50757801?
False
Is 164964122 a multiple of 115?
False
Is 106085670 a multiple of 15?
True
Is 244495430 a multiple of 4?
False
Is 117 a factor of 112601767?
False
Does 64 divide 29547883?
False
Is 671713360 a multiple of 191?
False
Is 58 a factor of 97907361?
False
Is 142 a factor of 5848821244?
True
Is 37037350 a multiple of 350?
True
Does 547 divide 431562629?
False
Does 49 divide 766429840?
False
Is 9 a factor of 52962309?
True
Is 14 a factor of 